 + -306 + -65?
48
What is 45 + 0 - ((6 - 12) + (9 - (6 - 2)))?
46
Calculate (-1865 - -1886 - (0 + -1 - -13)) + 11.
20
Evaluate 0 + 100 - (5 + (33 - 31 - (-2 - 4))).
87
Evaluate 61 + -13 + -8 - (34 + -21).
27
What is the value of 6 + 11 + 0 + (0 + 10 - 1)?
26
What is -21 - (-23 + -41 - -47)?
-4
49 - 29 - 55 - (0 + -52)
17
What is the value of (-8 - 0) + (89 - (-88 - -155)) + 1 + -102?
-87
Calculate -9 - 2 - (81 - 82) - (78 + -88).
0
Evaluate (1 - 36) + 3 + -121 + 44.
-109
(-4 - 0) + 10 + 83 + -49
40
Calculate 95 + -99 + 69 - -25.
90
Calculate -3 - 3 - (-5 + -38 + -21).
58
What is the value of -31 + (-47 - -40) - 51?
-89
What is 74 - -36 - 88 - -22?
44
Calculate 530 + -523 - (-2 + 1 + -3 + 9) - 50.
-48
(-4 + 3 - (10 + -23 + 7) - 8) + 9
6
What is the value of 26 + 14 + -41 + 12 + 106?
117
Calculate -105 + (16 - -22) - -48 - (0 - (4 - -2)).
-13
Evaluate -65 + (1 - -7 - (80 + -58 + -12)).
-67
Evaluate -39 + (-4 + 52 - 28).
-19
Evaluate 31 - (50 + -38) - (103 - 62).
-22
Calculate 3 - ((90 - 54) + (5 - (-5 + 11)) + 0).
-32
Calculate 6 + 4 + 31 + (-24 - 2 - -13).
28
Evaluate 10 + ((-67 - 1) + -7 - -2) + -13 + 13.
-63
What is -42 - -18 - -35 - (-5 + (-8 - -5))?
19
Evaluate 39 - ((11 - 4) + 2 + -5 + (-9 - -1)).
43
What is the value of (-7 - (-56 + 10)) + (-21 - -12) + (0 - 0)?
30
What is (4 + -29 - 54) + 52?
-27
Evaluate -40 + 1 + (-3454 - -3455).
-38
Calculate 3 - (0 + 1 + (-745 - -735)).
12
What is (82 - 99) + (-18 - (-3 - -2))?
-34
What is the value of 20 - ((12 + -30 + 12 - 7) + 2)?
31
What is the value of 94 + (19 - 23) + -52?
38
What is -15 + (72 - 34) + -71?
-48
Evaluate 34 + -51 - (148 + -67).
-98
What is the value of -53 + (17 + -44 - -24) + (2 - 0)?
-54
-5 + -31 - (-114 + 4)
74
Calculate -2 - (0 + -6 + 3 - -28 - 4).
-23
What is 12 + -27 + 11 + (-2 + 3 - -101)?
98
What is -45 + 161 - 10 - (-6 - -24)?
88
Calculate (-69 - -96) + -61 + -58.
-92
What is -1 - (-2 - -8) - (60 + -6 + -7) - 2?
-56
Evaluate 94 + 7 + 0 + -62 + 61.
100
Calculate (-9 - 67) + (-37 - -82 - 38).
-69
What is the value of (18 - (3 + -3)) + 16 + -18 + 13?
29
Evaluate 3 - 3 - 9 - ((-29 - 42) + 56).
6
(10 - 3) + -12 + (2 - 4) + 11 + -27
-23
What is (2 - 7) + (-118 - -171 - -61 - (-21 - -1))?
129
-21 - (-43 - 18 - -46)
-6
-26 - (7 + -39 + 4 - 38)
40
-100 + 8 + -79 + 127
-44
What is 0 + -18 - (-147 - (-351 - -179))?
-43
What is the value of (72 - 8) + (-16 - (2 + -9) - (-7 + 10))?
52
What is 0 - 43 - (-10 - (-15 + -4 + 18)) - 5?
-39
What is the value of (-98 - (-130 + 69)) + -16?
-53
What is the value of 319 - 322 - -4 - (2 + -1 + -1 - 88)?
89
What is -56 - (9 + 30 + -110)?
15
What is (-18 - -10 - (-1 + -9)) + (-30 - -60)?
32
-2951 + 2927 - (1 - (2 - -10))
-13
25 + (29 + -50 - 59)
-55
What is the value of 66 + (2 - 5) + -14?
49
What is -40 - ((-165 - -44 - -47) + 14)?
20
What is the value of 17 - 8 - -26 - (-7 - -4) - 11?
27
Evaluate -58 - (-6 - (10 + 81)).
39
Calculate (-35 - (40 + -98)) + 43 + -196.
-130
Calculate -27 - (8 + (-10 - (8 + (-12 - -10)))).
-19
(8 + -2 - 5) + 1 + 5 + -18 + -132
-143
What is the value of 14 + (-16 - (-25 - -1) - 23)?
-1
Calculate 12 + (-15 - (4 + -7)) + 29 - -4.
33
What is (-2 + -16 - ((16 - 65) + 58)) + (-9 - 0)?
-36
Evaluate (-28 - -4) + -796 + 747.
-73
-3 + -12 + 14 + 11 + -8 + 17
19
Calculate 18 - 10 - (14 + -20 + 4 - 19).
29
-16 + 0 - (19 + 59 + -48)
-46
(-23 - (-29 - (-2 - -3))) + -6
1
What is the value of ((-68 - -62) + -1 + 31 - 12) + 5 + -10?
7
What is the value of (-9 - -12 - (-3 + 13)) + -34 + -1?
-42
What is -95 + (48 - -16) + -4?
-35
5 + (-13 - -12) + -20 + -2 + 17
-1
Evaluate -74 - ((31 - (11 + -9)) + -17).
-86
(59 - 58 - 40) + 18
-21
What is the value of 3 + (-19 - (-34 - -49))?
-31
Evaluate 49 + (27 - (-14 - -60)).
30
Calculate -87 - (-7 + 38 + -74).
-44
What is the value of ((-38 - -16) + 2 - -12) + 0 + 53 + 2?
47
What is the value of 3 - (-1 + -15 + 30) - -22?
11
-37 - 17 - (-32 - 7)
-15
What is the value of 20 + 29 + (-23 - -1)?
27
Calculate (-2 + 28 - -2) + -425 + 354.
-43
Evaluate 35 + -34 + (-9 - (-2 - 36) - 0) + -1.
29
What is -1 - -15 - (175 - (302 + -126))?
15
What is the value of -39 + 33 + (19 - 26)?
-13
Evaluate -330 - (-70 - 249) - (1 + -1 - -34).
-45
What is 1 + -111 - (-28 - (-18 + -50 - -32))?
-118
What is the value of (3 - 68) + 6 + (0 + 5 - 11)?
-65
-25 + (71 - (41 + -13)) - 83
-65
Evaluate 15 - (-36 + 54 - 33).
30
What is -14200 + 14289 + (-1 - 6) + (0 - 3 - -1)?
80
50 + (17 + (-9 - (-17 - -19)) - (-2 + -3))
61
Calculate 22 + (17 - 35 - -13 - 2).
15
(0 + -2 - 56) + (447 - 433)
-44
What is the value of (-14 - (-25 - (-8 + 12 + 6))) + 0?
21
What is the value of (1 + -1 + -2 - -6) + (90 - 44)?
50
Evaluate -4 + (2 - 4 - (15 - (-18 + 16) - -53)).
-76
Evaluate (35 - (45 + -17 - -27)) + 2.
-18
Calculate -13 + (95 - (-44 + 76)).
50
What is (35 + -10 - (3 - 6 - -17)) + -40?
-29
What is the value of 2 + -27 + (213 - (-39 + 112 + -31))?
146
Evaluate -29 - (-72 - (-112 - -43)).
-26
What is (-8 + 4 - 9) + 14 + -36 + -4?
-39
What is 21 - (2 - (40 + -55) - (-66 - -1))?
-61
-43 - (-31 + 110 + -130)
8
Calculate 17 + (-1 + 15 - 7 - 12) - 22.
-10
What is the value of 5 + (5 - 23 - -67) + -14?
40
What is the value of -129 - (-90 - (-31 + -31))?
-101
What is 27 + (4 - (-9 - (-32 - (-6 + -3))))?
17
What is the value of -55 - (-109 + 95 + -17)?
-24
What is the value of -24 + (46 + -53 - -56)?
25
Evaluate (6774 - 6782) + 0 + (0 - (1 - -1)) + -6.
-16
Calculate -2 + 1 + -4 + 4 + -4 - (-281 - -362).
-86
What is -33 + (17 + 2 - -136) - 24?
98
Evaluate 108 + -118 + (-10 - 0) - 34.
-54
What is (-71 - 9) + (305 - 295)?
-70
What is the value of (-4 - -14) + (33 - (24 - 1))?
20
What is the value of (18 - 25) + -2 + 2 + (24 + 13 - 7)?
23
Calculate -12 + 1 + -20 + 9 + 14 + 19.
11
(-139 - -99 - -113) + -168
-95
What is (9 - -3) + (-4 - 13) + -6 - -48?
37
Calculate (-17 + 10 + -66 - -55) + -21 + 2.
-37
What is 34 - (-15 - (82 + -78 + (-13 + 2 - -1)))?
43
Evaluate 155 - (58 - -9) - (-13 - (1 - 3)).
99
Evaluate (-12 - -17 - -4) + 40 + (-7 - -3) + -4.
41
What is the value of 33 - (-14 + (20 - (1 + 7)))?
35
What is 23 + 33 + 24 + -38?
42
What is the value of (116 - 50) + 27 - 182?
-89
Evaluate (0 - -3) + 37 - (-10 - (-7 - 7)).
36
What is 11 - (5 + 28 - 157 - -10)?
125
Evaluate 2 + 101 - (33 + -31 - (17 - 20)).
98
-8 + ((-11 + 33 - -7) + -22 - (-23 - 0))
22
-5 - (8 - 6) - (44 + (18 - -5))
-74
0 - -3 - -1 - (3 - -18)
-17
Calculate -62 - (9 + -44) - -23.
-4
(35 - (-6 - -16)) + -18 + 15
22
(-1 + (8 - 11) + 4 - 10) + (-45 - -30)
-25
Calculate -69 + (65 - 71) - -62.
-13
What is 26 + -24 + 16 - (36 - -30)?
-48
Evaluate -22 - (22 + (9 - (9 - (-10 - (13 - 10))))).
-31
Evaluate 38 + -33 + -9 + (-46 + -2 - 5).
-57
Calculate -6 + -22 + 42 - (118 + -8 + 3).
-99
Evaluate 25 + (-25 - 17) + -6 - -118.
95
What is the value of -34 + (-8 - -17) - (-139 - -98)?
16
What is 1527 + -1479 + -2 + -36?
10
What is 33 + 9 - ((29 - 14 - 6) + 5)?
28
What is the value of 23 + (51 - (17 + -9)) + 22?
88
Calculate 10 - 4 - (-525 - -449).
82
What is -3 + (-18 - -26) - (-5 + 16) - 1?
-7
What is (71 - (100 - 38)) + (33 - 2)?
40
What is 18 + -13 + (-35 - (9 - -6))?
-45
What is (-54 - (-47 + 1)) + 5 - (1 + 19)?
-23
25 + -23 + -7 + 29
24
What is the value of 46 + (-5 - -2) + (-26 - 0) + 105 + -87?
35
What is 55 + -4 - (-62 + 139)?
-26
What is 16 - 1 - ((132 - 0) + -59)?
-58
What is the value of -37 - (-4 + 5 + -21 + 27)?
-44
What is 19 + (0 - -16 - 53) + 26?
8
Evaluate -61 + -26 + 115 - 44.
-16
Evaluate 47 + -19 + -11 + (-11 - -1) + -37.
-30
What is (20 - -64 - 59) + -77?
-52
Calculate 21001 + -21023 + (79 - (2 + 0)).
55
Calculate (-3 - (-3 + 4)) + -14 + 3 - (-102 - 15).
102
(-10 - ((-13 - -22) + -14)) + 18 + 21
34
-155 + 133 + (17 - 2) + -21 - 15
-43
Evaluate 7 + (19 + 0 - 35 - -22) - (-1 + -73).
87
2 - (0 - -2) - 13 - (249 + -282)
20
40 - (18 - -4) - (-22 + 22)
18
Calculate (-1 - -41) + -1 - (-291 - -106 - -180).
44
-62 + 6 + -3 - (-28 - (-2 - 17))
-50
Calculate 3 + -1 - 3 - (20 + -79 + 2 + -16).
72
Evaluate 8 + -13 + 31 + -29 - 26.
-29
Evaluate 1 + 3 + (-915 - -919) - 25.
-17
What is 20 + (-46 - -35) + (0 - -62) + -1 - 8?
62
-7 - (-1 - (-1 + (8 - 3) + 4))
2
(-1 + 1 - 2) + -217 + 208 + -20
-31
Calculate (89 - 98) + (-9 - (-9 + -2)).
-7
-10 + (-7 - (-15 - -14) - -7) + 8
-1
What is the value o